ors of 21264.
2, 3, 443
List the prime factors of 7085.
5, 13, 109
List the prime factors of 16906.
2, 79, 107
List the prime factors of 1028.
2, 257
What are the prime factors of 58211?
58211
What are the prime factors of 3591?
3, 7, 19
What are the prime factors of 9001?
9001
List the prime factors of 85597.
85597
What are the prime factors of 222?
2, 3, 37
List the prime factors of 703.
19, 37
List the prime factors of 2192.
2, 137
List the prime factors of 12694.
2, 11, 577
List the prime factors of 3090.
2, 3, 5, 103
What are the prime factors of 28342?
2, 37, 383
List the prime factors of 50080.
2, 5, 313
What are the prime factors of 251?
251
What are the prime factors of 256?
2
List the prime factors of 3342.
2, 3, 557
List the prime factors of 50528.
2, 1579
List the prime factors of 10228.
2, 2557
What are the prime factors of 2355?
3, 5, 157
List the prime factors of 43978.
2, 11, 1999
List the prime factors of 820.
2, 5, 41
What are the prime factors of 1058?
2, 23
List the prime factors of 2416.
2, 151
List the prime factors of 26420.
2, 5, 1321
List the prime factors of 1672.
2, 11, 19
List the prime factors of 4576.
2, 11, 13
List the prime factors of 7733.
11, 19, 37
List the prime factors of 13205.
5, 19, 139
What are the prime factors of 451?
11, 41
List the prime factors of 15090.
2, 3, 5, 503
What are the prime factors of 4738?
2, 23, 103
What are the prime factors of 609?
3, 7, 29
What are the prime factors of 66651?
3, 13, 1709
What are the prime factors of 11371?
83, 137
What are the prime factors of 18445?
5, 7, 17, 31
List the prime factors of 2662.
2, 11
List the prime factors of 32844.
2, 3, 7, 17, 23
List the prime factors of 10972.
2, 13, 211
List the prime factors of 918.
2, 3, 17
What are the prime factors of 1134?
2, 3, 7
What are the prime factors of 19397?
7, 17, 163
List the prime factors of 110353.
211, 523
List the prime factors of 18855.
3, 5, 419
What are the prime factors of 941?
941
List the prime factors of 9318.
2, 3, 1553
List the prime factors of 56813.
56813
List the prime factors of 622.
2, 311
What are the prime factors of 14830?
2, 5, 1483
What are the prime factors of 6334?
2, 3167
What are the prime factors of 7409?
31, 239
What are the prime factors of 4573?
17, 269
What are the prime factors of 727?
727
What are the prime factors of 341?
11, 31
What are the prime factors of 7752?
2, 3, 17, 19
What are the prime factors of 56570?
2, 5, 5657
What are the prime factors of 1457?
31, 47
What are the prime factors of 785?
5, 157
What are the prime factors of 1265?
5, 11, 23
List the prime factors of 7970.
2, 5, 797
What are the prime factors of 7809?
3, 19, 137
List the prime factors of 171.
3, 19
List the prime factors of 1109.
1109
What are the prime factors of 994?
2, 7, 71
List the prime factors of 2435.
5, 487
List the prime factors of 303.
3, 101
What are the prime factors of 10491?
3, 13, 269
What are the prime factors of 6143?
6143
What are the prime factors of 87124?
2, 23, 947
List the prime factors of 1503.
3, 167
What are the prime factors of 1106?
2, 7, 79
What are the prime factors of 23290?
2, 5, 17, 137
List the prime factors of 17833.
17, 1049
What are the prime factors of 2811?
3, 937
What are the prime factors of 745?
5, 149
List the prime factors of 1055.
5, 211
List the prime factors of 1729.
7, 13, 19
List the prime factors of 46444.
2, 17, 683
List the prime factors of 19990.
2, 5, 1999
What are the prime factors of 1510?
2, 5, 151
List the prime factors of 1209.
3, 13, 31
What are the prime factors of 54951?
3, 13, 1409
List the prime factors of 1149.
3, 383
What are the prime factors of 4860?
2, 3, 5
List the prime factors of 90226.
2, 197, 229
What are the prime factors of 1113?
3, 7, 53
What are the prime factors of 9319?
9319
List the prime factors of 2640.
2, 3, 5, 11
List the prime factors of 51513.
3, 7, 11, 223
List the prime factors of 8692.
2, 41, 53
What are the prime factors of 44186?
2, 22093
What are the prime factors of 403?
13, 31
List the prime factors of 7165.
5, 1433
List the prime factors of 3311.
7, 11, 43
List the prime factors of 2235.
3, 5, 149
What are the prime factors of 22539?
3, 11, 683
What are the prime factors of 18397?
18397
What are the prime factors of 1880?
2, 5, 47
What are the prime factors of 209506?
2, 11, 89, 107
List the prime factors of 615.
3, 5, 41
List the prime factors of 658.
2, 7, 47
List the prime factors of 56554.
2, 28277
List the prime factors of 12637.
12637
What are the prime factors of 7883?
7883
List the prime factors of 145401.
3, 17, 2851
What are the prime factors of 8247?
3, 2749
What are the prime factors of 5201?
7, 743
What are the prime factors of 10640?
2, 5, 7, 19
What are the prime factors of 544?
2, 17
List the prime factors of 20235.
3, 5, 19, 71
What are the prime factors of 840?
2, 3, 5, 7
List the prime factors of 176737.
11, 16067
What are the prime factors of 3278?
2, 11, 149
List the prime factors of 1176.
2, 3, 7
What are the prime factors of 38254?
2, 31, 617
What are the prime factors of 197?
197
List the prime factors of 35184.
2, 3, 733
List the prime factors of 7518.
2, 3, 7, 179
List the prime factors of 1050.
2, 3, 5, 7
List the prime factors of 2194.
2, 1097
List the prime factors of 65360.
2, 5, 19, 43
What are the prime factors of 4553?
29, 157
What are the prime factors of 943?
23, 41
What are the prime factors of 868?
2, 7, 31
What are the prime factors of 6985?
5, 11, 127
What are the prime factors of 15677?
61, 257
List the prime factors of 1026.
2, 3, 19
List the prime factors of 8897.
7, 31, 41
What are the prime factors of 2541?
3, 7, 11
List the prime factors of 1462.
2, 17, 43
List the prime factors of 26365.
5, 5273
List the prime factors of 10495.
5, 2099
List the prime factors of 499.
499
What are the prime factors of 34806?
2, 3, 5801
List the prime factors of 662.
2, 331
List the prime factors of 1641.
3, 547
List the prime factors of 4128.
2, 3, 43
What are the prime factors of 9389?
41, 229
What are the prime factors of 34535?
5, 6907
What are the prime factors of 8095?
5, 1619
What are the prime factors of 11134?
2, 19, 293
List the prime factors of 3938.
2, 11, 179
List the prime factors of 25017.
3, 31, 269
List the prime factors of 55633.
55633
List the prime factors of 1424.
2, 89
List the prime factors of 1582.
2, 7, 113
What are the prime factors of 73992?
2, 3, 3083
List the prime factors of 33829.
33829
List the prime factors of 97.
97
List the prime factors of 7990.
2, 5, 17, 47
What are the prime factors of 2721?
3, 907
What are the prime factors of 5539?
29, 191
List the prime factors of 386.
2, 193
What are the prime factors of 104011?
47, 2213
What are the prime factors of 693?
3, 7, 11
What are the prime factors of 111061?
17, 47, 139
What are the prime factors of 124?
2, 31
What are the prime factors of 46769?
46769
What are the prime factors of 796?
2, 199
List the prime factors of 21358.
2, 59, 181
List the prime factors of 63234.
2, 3, 1171
List the prime factors of 65634.
2, 3, 10939
What are the prime factors of 566?
2, 283
List the prime factors of 4833.
3, 179
List the prime factors of 74226.
2, 3, 89, 139
What are the prime factors of 1209?
3, 13, 31
List the prime factors of 3867.
3, 1289
List the prime factors of 198.
2, 3, 11
List the prime factors of 6123.
3, 13, 157
List the prime factors of 1151.
1151
List the prime factors of 902.
2, 11, 41
What are the prime factors of 920?
2, 5, 23
What are the prime factors of 6182?
2, 11, 281
List the prime factors of 11653.
43, 271
What are the prime factors of 1396?
2, 349
List the prime factors of 2773.
47, 59
List the prime factors of 3224.
2, 13, 31
List the prime factors of 25.
5
List the prime factors of 2320.
2, 5, 29
List the prime factors of 10846.
2, 11, 17, 29
What are the prime factors of 40569?
3, 13523
List the prime factors of 904.
2, 113
List the prime factors of 8056.
2, 19, 53
What are the prime factors of 8359?
13, 643
List the prime factors of 6097.
7, 13, 67
List the prime factors of 3558.
2, 3, 593
List the prime factors of 1830.
2, 3, 5, 61
What are the prime factors of 24859?
24859
List the prime factors of 76525.
5, 3061
List the prime factors of 1839.
3, 613
What are the pr